et h = 121 + 54. Suppose 4*x - 9*x = -h. Suppose 5*d - x = -c, 4*c + 4*d = -18 + 94. List the prime factors of c.
3, 5
Let k(d) = d**3 + 8*d**2 - 3*d - 27. Let g be k(-7). Suppose g = 13*f - 3467. What are the prime factors of f?
2, 3, 5
Suppose 0 = -t - 2*j + 585, 0 = -2*t + 6*j - 3*j + 1142. List the prime factors of t.
577
Let v be (-189)/(-6)*(-10)/(-3). What are the prime factors of (126/v)/((-4)/(-10))?
3
Let v be -9*(-6)/18 - 105/1. Let t = -47 - v. List the prime factors of t.
5, 11
Let o(u) = -u**2 + 14*u - 19. Let a be o(13). Let w(z) = -5 + 2 - 4*z - 11. List the prime factors of w(a).
2, 5
Let q(k) = 8*k**3 + 8*k**2 - 4*k - 9. Let b(w) = 7*w**3 + 8*w**2 - 4*w - 8. Let u(a) = 7*b(a) - 6*q(a). List the prime factors of u(-7).
3, 5
Let r = -68 + 18. Let u = 146 + r. List the prime factors of u.
2, 3
Suppose 0 = 7*b - 1246 - 4214. List the prime factors of b.
2, 3, 5, 13
Suppose -1014 = -3*s - 11*y + 10*y, -4*y + 12 = 0. What are the prime factors of s?
337
Suppose 3*j - 3 = 3*c, -9 = j - 2*j + 5*c. Let n = j - -13. Suppose -4*s + n = -s. List the prime factors of s.
2
Let l = -241 - -428. What are the prime factors of l?
11, 17
Let w(o) = 30*o**3 - 2*o**2 + o. Let k(q) = q**3 + q**2 - q. Let v(f) = k(f) + w(f). Suppose -3*j - j + 4 = 0. What are the prime factors of v(j)?
2, 3, 5
Let p(a) be the third derivative of -17*a**4/12 + a**3/6 + 11*a**2. Let g be p(3). Let o = -72 - g. List the prime factors of o.
29
Suppose q + 1224 = 3*z - 2*q, 5*z + q - 2070 = 0. List the prime factors of z.
7, 59
Let j(s) = -28*s + 256. List the prime factors of j(-33).
2, 5, 59
Suppose -3*m - 25 = 4*f + 40, -f - 2 = -4*m. List the prime factors of (6/(-24) + (-21)/4)*f.
7, 11
Let k(s) = -178*s - 6. Let p = 98 + -100. List the prime factors of k(p).
2, 5, 7
Let t = 775 + -1213. List the prime factors of (-5)/(30/t) - (-4)/(-2).
71
Let c(s) = -1235*s - 567. What are the prime factors of c(-5)?
2, 701
Suppose -3*a - 2*a = -4*q - 2571, -5*a + 2572 = -3*q. List the prime factors of a.
5, 103
Let t(g) = 6*g**2 - 53*g - 115. What are the prime factors of t(33)?
2, 5, 467
Let s(m) = 87*m**2 + 18*m + 112. List the prime factors of s(-6).
2, 7
Let p = 48 + -58. List the prime factors of (-488)/(-32) + (p/8 - -1).
3, 5
Let f(t) = 2*t - 8. Let z be f(11). Suppose z*o = 9*o + 365. What are the prime factors of o?
73
Suppose 0*q + 3*q - 4 = f, q - 2*f + 2 = 0. Suppose 0 = -4*k + q*k. Suppose -h = -k*h - 10. List the prime factors of h.
2, 5
Suppose 5*q - 5466 - 934 = 0. List the prime factors of q.
2, 5
Suppose 3*s + 8 = 5*i - 35, 0 = s + 4*i + 3. Let a = 40 + s. What are the prime factors of a?
29
Let f = 463 + -180. What are the prime factors of f?
283
Suppose 12*d + 15 = 13*d. Suppose d*v + 726 = 21*v. What are the prime factors of v?
11
Let l be -46*(3/(-3) - -2). Let v = 52 + l. What are the prime factors of v?
2, 3
Suppose 0 = 2*k - 2194 - 88. List the prime factors of k.
7, 163
What are the prime factors of (-8)/16 + 0 + (-2725)/(-2)?
2, 3, 227
List the prime factors of (111*6/(-8))/(5/(-20)).
3, 37
Let n = 180 - -4. Suppose x - 28 = n. List the prime factors of (-18)/45 - x/(-5).
2, 3, 7
Let b(w) = 5*w**3 + 4*w**2 - 11*w + 9. Let m(a) = -11*a**3 - 8*a**2 + 23*a - 19. Let v(f) = -9*b(f) - 4*m(f). List the prime factors of v(-7).
3, 31
Let y(a) = a**3 - 4*a**2 - 4*a - 3. Let w be y(5). Suppose 0 = -w*z + 4*r - 3*r + 166, 2*r = 5*z - 416. What are the prime factors of z?
2, 3, 7
Suppose 0 = -19*a + 15*a + 16. List the prime factors of -3*(a + 1 + -30).
3, 5
Suppose 0 = -z + 3, 5*j = 4*z - 68 + 441. List the prime factors of j.
7, 11
Let i = -13 + 23. Let s = i + -8. Suppose s*o - 5 = 2*t - 29, -5*t + 68 = -3*o. What are the prime factors of t?
2
Suppose 3*l = -64 + 70. Suppose -l*t + 5*x - 98 = -480, -x - 194 = -t. What are the prime factors of t?
2, 7
Suppose 0 = -11*h + 4630 + 408. What are the prime factors of h?
2, 229
Let j(f) = -17 + 10 + 4 + 3*f. Let r be j(2). Suppose y = 11 - r. List the prime factors of y.
2
Let x(t) be the second derivative of 6*t**2 - 4*t - 1/12*t**4 + 0 + 3/2*t**3. List the prime factors of x(9).
2, 3
Suppose -11 + 9 = -g. List the prime factors of 2 - -11 - (1 + g).
2, 5
Suppose -3*a + 11443 = 1579. List the prime factors of a.
2, 3, 137
What are the prime factors of (-55836)/(-154) - (-1)/((-7)/(-3))?
3, 11
Let b(q) be the first derivative of 2*q**3/3 - 4*q**2 + 6*q + 1. Suppose 2 - 30 = -5*s - 2*j, 5*s - 27 = -3*j. What are the prime factors of b(s)?
2, 3, 5
What are the prime factors of 10/30 - 5705/(-3)?
2, 3, 317
Let f(g) be the first derivative of 2*g**3 - g**2 - 7*g - 5. What are the prime factors of f(-4)?
97
Suppose 3*r + 2*r - 5 = 0. What are the prime factors of r/(6/177)*2?
59
Suppose 0 = -9*d + 7*d + 106. List the prime factors of d.
53
What are the prime factors of (3 - 2 - 3)/(-2) + 2249?
2, 3, 5
Let p(z) = 21*z**2 + 4*z - 2. Let u(q) = -41*q**2 - 7*q + 4. Let h(f) = -5*p(f) - 3*u(f). What are the prime factors of h(-2)?
2, 17
Let f = 9 + -7. What are the prime factors of 3 - (-39 + f) - 2?
2, 19
Let c(n) = -18*n**3 - 5*n**2 - 8*n + 1. List the prime factors of c(-2).
3, 47
Let f be ((-2)/(-2)*5)/(-1). Let i be -2*4/((-8)/f). What are the prime factors of i/(9/6 - 2)?
2, 5
Let k = -25 + 833. What are the prime factors of k?
2, 101
Let q = 46 + 269. What are the prime factors of q?
3, 5, 7
Suppose 13329 - 261129 = -59*x. List the prime factors of x.
2, 3, 5, 7
What are the prime factors of (10611/(-135))/((-2)/20)?
2, 3, 131
Let g = 20 + -21. Let t = 38 + g. List the prime factors of t.
37
List the prime factors of 31 + -35 - 277/(-1).
3, 7, 13
Suppose 0 = -0*h + h + 11. Let i = 0 - h. List the prime factors of i.
11
Let t(w) = 5*w**2 + 117*w + 121. List the prime factors of t(-34).
3, 641
Let j = 9 - 8. Let k be 0*(4 - 4 - j). Suppose k = 3*o - 87 + 21. List the prime factors of o.
2, 11
Let z be (-1 + 2)/(((-4)/584)/(-1)). Let n = z - 51. List the prime factors of n.
5, 19
Let u = -244 + 134. Let r = u - -204. Let q = 161 - r. What are the prime factors of q?
67
Let b = 110 - -894. List the prime factors of b.
2, 251
Let x = 1229 - 548. List the prime factors of x.
3, 227
Let r be 438/1*1/2. Suppose f = 4*u - 403, 0 = -2*u - 2*f - f + r. Suppose j = -2*j + u. What are the prime factors of j?
2, 17
Suppose -10 = -s - 5*h, -3*h = -2*s + 6*s - 23. Suppose 2*v = s*v. Suppose -2*p - 2*p + 60 = v. List the prime factors of p.
3, 5
Let p = -9 - -104. Suppose 4*l = 4*u, 2*u - 3 - 1 = l. Suppose l*d = -d + p. List the prime factors of d.
19
Let k = 27 - 27. Suppose k = -5*i - 0*i. Let m = 16 + i. What are the prime factors of m?
2
Let s(k) = k**3 - 13*k**2 - 46*k + 2. What are the prime factors of s(19)?
2, 647
Let o(p) be the first derivative of 3*p**2/2 + 50*p - 52. Suppose -4*l = l. List the prime factors of o(l).
2, 5
Let r(q) = q**2 + 8*q - 6. Let n be r(-11). List the prime factors of 1/(-9) + 570/n.
3, 7
Let r = -48 - -52. Suppose 4*x + 169 = 3*a, -r*a + 283 - 67 = 4*x. What are the prime factors of a?
5, 11
Let f(o) = -21 - 2*o - 12 + 8*o + 6. What are the prime factors of f(5)?
3
Let z = 9 + -6. Suppose 2*q - 66 = -3*q + z*t, 0 = -2*q - 4*t + 42. List the prime factors of q.
3, 5
Let i(n) = 132*n**2 + 3*n. List the prime factors of i(-2).
2, 3, 29
Let j be -90*1/15*6. Let q = j - -52. What are the prime factors of q?
2
What are the prime factors of -2 + 3/(-1) - 5515/(-5)?
2, 3, 61
Suppose 12875 = 67*g - 44008. What are the prime factors of g?
3, 283
Suppose 2*m + 1118 = 4*x + 4128, -5*m = 5*x - 7585. What are the prime factors of m?
17, 89
Let h(s) = -4 + 1 + 82*s - 88*s. List the prime factors of h(-4).
3, 7
Suppose 53*t = 47*t + 14904. List the prime factors of t.
2, 3, 23
Let z = -180 - -254. Let t = -29 + z. List the prime factors of t.
3, 5
Let u(f) be the first derivative of 4 + f**2 - 3*f + 1/3*f**3. List the prime factors of u(5).
2
Suppose -8637 = -4*k + 5*v, -93*k = -97*k - 3*v + 8597. List the prime factors of k.
2153
Suppose 0 = -503*b + 518*b - 11400. List the prime factors of b.
2, 5, 19
Suppose -15*i - 101 = 274. Let y(u) = u**3 + 23*u**2 - 53*u - 9. What are the prime factors of y(i)?
2, 3, 11
Let r be (-2)/(-12) - ((-490)/12)/7. Suppose -13*c + r*c + 77 = 0. What are the prime factors of c?
11
